 the prime factors of h(1).
2, 13
What are the prime factors of (-25)/2*(-4)/1?
2, 5
Let a(g) be the third derivative of -g**6/120 - 2*g**5/15 - g**4/3 + 6*g**2. What are the prime factors of a(-7)?
7
Let g be (4/(-8)*78)/(-3). Suppose -5*d + 12 = -2*d. Suppose d*r - 43 = g. List the prime factors of r.
2, 7
What are the prime factors of 11/((3/6)/(2 - 1))?
2, 11
Let w(a) = -a**3 - 6*a**2 - 2*a - 9. Let h be w(-6). Suppose 2*g = -j + 12, -4*j = h*g + 2*g - 30. List the prime factors of g.
2, 3
Let m(w) = -13*w - 40. What are the prime factors of m(-12)?
2, 29
Let r(t) = t**2 + 6*t + 5. Let i be r(-7). Let m(q) = q - 3. Let j be m(6). Suppose 0 = -j*y + i + 12. List the prime factors of y.
2
Let m = -9 - 71. What are the prime factors of (-18)/5*m/12?
2, 3
Suppose 2*w + 6 = w. What are the prime factors of 2*(-1 + (-39)/w)?
11
Suppose -3*n = -7*n. Suppose n = -5*s + 2*x + x - 5, -25 = -5*x. List the prime factors of (-2 + s)/(-2) - -7.
7
Let d be (-10)/(-45) - 2/9. List the prime factors of 2 - -3*(1 - d).
5
Suppose 3*g = 2*g - 3*o - 15, 5*o = -3*g - 41. Let r = g + 14. List the prime factors of r.
2
Let u(c) = 8*c**2 + 1. Let h be u(-1). Let z = h - 5. What are the prime factors of z?
2
Suppose 4*w = -5*m - 5, 4*w + 3 = 3*m + 6. List the prime factors of 18 - m/2*0.
2, 3
Let z = -89 - -122. What are the prime factors of z?
3, 11
Let u(c) = -c**2 + 8*c + 4. Let d be u(6). Let f = 39 - d. List the prime factors of f.
23
Suppose 3*b = 6, 5*b + 17 = 2*i - 5. List the prime factors of i.
2
Suppose -2*f = -4*s + 126, 3*s + 3*f + 0*f - 117 = 0. Let z be (s/(-8))/(2/(-8)). Suppose -w = p - 3*p - z, 2*w - 3*p = 29. List the prime factors of w.
7
Suppose -2*u + 12 - 4 = 0. Suppose -u*s - 38 = -2*a + 6, -s - 17 = -a. Let c = -4 + a. List the prime factors of c.
2
Let h(s) = 2*s - 8. Let q be h(7). Suppose q = 4*a - 6. Let i = 5 - a. What are the prime factors of i?
2
Suppose y = -0*y - 6. Suppose -6*z - 372 = -0*z. List the prime factors of y/(-9) + z/(-6).
11
Let s(d) = 2*d**3 - d**2 + 4*d + 1. Let w(k) = -k**3 + k**2 - 3*k - 1. Let b(g) = 2*s(g) + 3*w(g). Let z = -11 - -13. What are the prime factors of b(z)?
3
List the prime factors of (-10 + 4)*-15 + 1.
7, 13
Suppose -2*l + 6*m = 5*m - 7, 4*l = m + 17. List the prime factors of l.
5
Let r(b) = b**3 - 22*b**2 + 36*b - 26. What are the prime factors of r(21)?
17
Let q be ((-2)/3)/(6/(-9)). Let c(p) = p**2 + 7 - q + 8*p + 3. List the prime factors of c(-7).
2
Let t be 2 - (-4)/8*0. Suppose 0 = -l, -t*s + 35 = -s + 5*l. List the prime factors of s.
5, 7
Let j(w) = 4*w**2 - w. Let d be j(-3). Let o = 59 - d. List the prime factors of o.
2, 5
Let b = 10 + 20. What are the prime factors of b?
2, 3, 5
Suppose 2*h + j = -83, -3*h - 5*j = -j + 132. Let x be 6*(-1)/(-3)*-28. Let d = h - x. What are the prime factors of d?
2
Let w be 3*1*30/(-9). Let v(l) = 5*l**2 + 2. Let g be v(2). Let q = w + g. List the prime factors of q.
2, 3
Let w = -1 - 1. List the prime factors of w - -4 - (-78)/3.
2, 7
Let h = 12 + -6. Suppose -3 = -3*z + h. What are the prime factors of z?
3
Let k(m) be the third derivative of m**5/40 - m**4/4 + m**3/2 + 2*m**2. Let t(r) be the first derivative of k(r). What are the prime factors of t(5)?
3
Suppose 3*n - 4 - 2 = 0. Let x be -1 - 1 - (0 - 2). List the prime factors of 6 + (4 - x)/n.
2
Suppose -b = -3*x + 23, 3*b + 76 = 3*x + 31. Let z = -4 - b. List the prime factors of z.
7
Let h(a) = 7*a - 11. List the prime factors of h(5).
2, 3
Suppose 0 = -v + 436 - 128. What are the prime factors of v?
2, 7, 11
Suppose z = -4*z + 5*p + 305, 4*p = -5*z + 269. List the prime factors of z.
3, 19
Suppose 2*x - 7*x = 5. Suppose 3*f - 14 = -2*m, -m - 3*m - 5*f = -26. Let l = m + x. What are the prime factors of l?
3
Suppose -14 + 39 = 5*r. Suppose r*z = 4*z + 38. What are the prime factors of z?
2, 19
Suppose 2*o = -5*z - 113, 3*o - 2 = 1. Let j = z - -47. List the prime factors of j.
2, 3
Suppose 0 = 4*u - u + 6. Let g be u/(-4)*(-1 - -5). Suppose -6*d = -g*d - 28. What are the prime factors of d?
7
Let t(w) = w**2 - 6*w + 5. Let v be t(6). Suppose v*p + 29 = -i, -3*p - 4*i = 27 + 4. Let r(l) = -l**3 - 5*l**2 - 3*l - 7. What are the prime factors of r(p)?
2
Let a be (12/(-5))/(2/(-5)). Let m(o) = -o**3 + 6*o**2 + 5. Let k be m(a). Suppose -k*j + 41 = -4. List the prime factors of j.
3
Let i be 4/3*(-45)/(-10). Suppose -i = -b - 4. Let c(w) = 2*w**3 - 2. List the prime factors of c(b).
2, 7
Let f(q) = 6*q**2 + q + 2. Let g be f(-2). Suppose -4*h + g = -h. What are the prime factors of h?
2
Let s(c) = c**2 - 3*c + 56. List the prime factors of s(0).
2, 7
Suppose 7 = -2*n + 17. Suppose -4*c = -3*r - 98, 3*c + 56 = 5*c - n*r. List the prime factors of c.
23
Suppose 5*k = -0*k - 4*i + 27, 3*k = -i + 12. Suppose -2*v = -k*v + 6. What are the prime factors of -1*3*(-4)/v?
2
Let r(w) = w**2 + 4*w + 3. Let g be (-12)/(-9)*-3 - 0. Let b be r(g). Suppose -4*u = 5*h - 13, -5*u = -5*h - b*u + 31. List the prime factors of h.
5
Let m(a) = -2*a + 3. Let h(b) be the first derivative of -2*b**2 + 6*b + 2. Let j(i) = -2*h(i) + 5*m(i). What are the prime factors of j(-3)?
3
Suppose 0 = 4*x - 7 - 33. List the prime factors of x.
2, 5
Suppose -4*h = 2*h - 528. List the prime factors of h.
2, 11
Suppose -6 = 2*y - i, -5*y - 2*i + 3 = -0*i. Suppose -3 = -3*d + 2*d. What are the prime factors of (-36)/(-6) + d + y?
2
Suppose 0*y - 24 = -4*y. Suppose y*f = f. Suppose f = -o + 4 + 2. List the prime factors of o.
2, 3
Let s = -54 - -88. List the prime factors of s.
2, 17
Let c be (-188)/6 + (-4)/6. Let m = 57 + c. What are the prime factors of m?
5
Let z(d) be the first derivative of d**4/4 - d**3/3 - 3*d**2/2 + 5*d + 3. List the prime factors of z(4).
41
Let n(b) = -19*b. Let s be n(3). Let p = -37 - s. List the prime factors of p.
2, 5
Let k be (-2)/(-7) - (-110)/7. What are the prime factors of (-3)/(-12) - (-44)/k?
3
Suppose 2*k = -10, -2*a + a - 14 = k. Let f be ((-38)/6)/(3/a). Suppose 0*t + 13 = t + 4*g, -2*t + f = g. What are the prime factors of t?
3
What are the prime factors of ((-195)/(-6))/(-1 - 7/(-6))?
3, 5, 13
Suppose 5*p - 8*p + 9 = 0. Suppose -93 = -p*u - 27. What are the prime factors of u?
2, 11
Suppose 11*i - 12*i = -8. List the prime factors of i.
2
Let f = 0 - -4. Suppose 5*j = f*j + 15. List the prime factors of j.
3, 5
Let d(r) = -r + 16. What are the prime factors of d(11)?
5
Let f = 94 + -34. Let y = f - 39. List the prime factors of y.
3, 7
Let g = 41 + -11. What are the prime factors of g?
2, 3, 5
Suppose -5*t + 3 = -7. List the prime factors of t/6*(10 - 1).
3
Suppose 4*a - 381 = -m, a - 2*a - 1182 = -3*m. List the prime factors of m.
3, 131
Suppose -4*z = z. Suppose 4*n - 4 - 44 = z. List the prime factors of n.
2, 3
Suppose 0 = 4*h + 4*p - 32, -4*h - 2*p + 26 = -4. Let n = -5 + h. What are the prime factors of n?
2
Suppose -l - 153 + 562 = 0. What are the prime factors of l?
409
Let x be (-12)/(-3) + (-1)/(-1). Suppose -2*a - k + 11 = 0, 2*a - k = x*a - 15. What are the prime factors of a?
2
Let t = 4 + -1. Let y(j) = 13*j**2 - j + 1. Let f be y(t). What are the prime factors of f/9 - (-16)/72?
13
List the prime factors of ((144 - -3) + 4)/1.
151
Let d be (4/(-6))/(-1)*3. Suppose -72 = -0*a - 3*a. Suppose -a = -d*h - h. What are the prime factors of h?
2
Let a(f) be the third derivative of -f**6/120 - f**5/20 + 7*f**4/24 + f**3/2 - f**2. What are the prime factors of a(-5)?
2, 3
Suppose -8*k = -6*k - 132. List the prime factors of k.
2, 3, 11
Let b = 7 - 6. List the prime factors of 1 + -2 + b + 8.
2
Let i = -1 + 1. Suppose 3*r - 3 - 3 = i. List the prime factors of r/(-7) + 30/7.
2
Suppose u - 3*u = -10. Let r = 4 + u. List the prime factors of r.
3
Let b be (-4)/(-16) + (-23)/(-4). List the prime factors of (1 + (-9)/b)*-34.
17
Suppose 3 = k - 2. Suppose -2*a - q + 5 = 0, -2*a + 3*q + k = 2*a. Suppose 0*y = a*y - 8. List the prime factors of y.
2
Suppose -2*r - 4*i + 270 = 0, r - 3*i - 147 = -7. List the prime factors of r.
137
Suppose -4*p = -680 - 204. List the prime factors of p.
13, 17
Let b(q) = -4*q. Let y be (-2)/(-4)*(3 - 17). What are the prime factors of b(y)?
2, 7
What are the prime factors of 1298/33 + (-4)/(-6)?
2, 5
Suppose 4*k = -5*p + 73, -4*k - 4*p + 52 + 16 = 0. List the 